{"id":27,"date":"2024-02-13T22:04:35","date_gmt":"2024-02-13T21:04:35","guid":{"rendered":"http:\/\/as-saddles-and-co.com\/?page_id=27"},"modified":"2024-06-06T15:32:04","modified_gmt":"2024-06-06T13:32:04","slug":"palefrenier-independant","status":"publish","type":"page","link":"https:\/\/as-saddles-and-co.com\/index.php\/palefrenier-independant\/","title":{"rendered":"Palefrenier ind\u00e9pendant"},"content":{"rendered":"\n<p>Disponible pour l&#8217;entretien de vos \u00e9curies, les sorties au paddock ou encore les distributions de rations&#8230; <\/p>\n\n\n\n<p>Tarifs :<\/p>\n\n\n\n<ul class=\"wp-block-list\">\n<li>15\u20ac\/heure en semaine<\/li>\n\n\n\n<li>20\u20ac\/heure les dimanches et jours f\u00e9ri\u00e9s<\/li>\n<\/ul>\n\n\n\n<p>Frais de d\u00e9placement offerts dans un rayon de 30km autour de Renage (38140). Au del\u00e0 compter 20cts du kilom\u00e8tre suppl\u00e9mentaire (maximum 50km).<\/p>\n\n\n\n<p>Possibilit\u00e9 d&#8217;opter pour un forfait \u00e0 d\u00e9cider ensemble au bout de quelques mois.<\/p>\n\n\n\n<p>Me contacter pour voir les disponibilit\u00e9s.<\/p>\n\n\n\n<figure class=\"wp-block-image alignwide size-large\"><img loading=\"lazy\" decoding=\"async\" width=\"1024\" height=\"683\" src=\"http:\/\/as-saddles-and-co.com\/wp-content\/uploads\/2024\/02\/image00040-1024x683.jpeg\" alt=\"\" class=\"wp-image-34\" srcset=\"https:\/\/as-saddles-and-co.com\/wp-content\/uploads\/2024\/02\/image00040-1024x683.jpeg 1024w, https:\/\/as-saddles-and-co.com\/wp-content\/uploads\/2024\/02\/image00040-300x200.jpeg 300w, https:\/\/as-saddles-and-co.com\/wp-content\/uploads\/2024\/02\/image00040-768x512.jpeg 768w, https:\/\/as-saddles-and-co.com\/wp-content\/uploads\/2024\/02\/image00040-1536x1024.jpeg 1536w, https:\/\/as-saddles-and-co.com\/wp-content\/uploads\/2024\/02\/image00040-2048x1365.jpeg 2048w, https:\/\/as-saddles-and-co.com\/wp-content\/uploads\/2024\/02\/image00040-930x620.jpeg 930w\" sizes=\"auto, (max-width: 1024px) 100vw, 1024px\" \/><\/figure>\n","protected":false},"excerpt":{"rendered":"<p>Disponible pour l&#8217;entretien de vos \u00e9curies, les sorties au paddock ou encore les distributions de rations&#8230; Tarifs : Frais de d\u00e9placement offerts dans un rayon de 30km autour de Renage (38140). Au del\u00e0 compter 20cts du kilom\u00e8tre suppl\u00e9mentaire (maximum 50km). Possibilit\u00e9 d&#8217;opter pour un forfait \u00e0 d\u00e9cider ensemble au bout de quelques mois. Me contacter&hellip;&nbsp;<a href=\"https:\/\/as-saddles-and-co.com\/index.php\/palefrenier-independant\/\" rel=\"bookmark\">Read More &raquo;<span class=\"screen-reader-text\">Palefrenier ind\u00e9pendant<\/span><\/a><\/p>\n","protected":false},"author":1,"featured_media":0,"parent":0,"menu_order":0,"comment_status":"closed","ping_status":"closed","template":"","meta":{"neve_meta_sidebar":"","neve_meta_container":"","neve_meta_enable_content_width":"","neve_meta_content_width":0,"neve_meta_title_alignment":"","neve_meta_author_avatar":"","neve_post_elements_order":"","neve_meta_disable_header":"","neve_meta_disable_footer":"","neve_meta_disable_title":"","footnotes":""},"class_list":["post-27","page","type-page","status-publish","hentry"],"_links":{"self":[{"href":"https:\/\/as-saddles-and-co.com\/index.php\/wp-json\/wp\/v2\/pages\/27","targetHints":{"allow":["GET"]}}],"collection":[{"href":"https:\/\/as-saddles-and-co.com\/index.php\/wp-json\/wp\/v2\/pages"}],"about":[{"href":"https:\/\/as-saddles-and-co.com\/index.php\/wp-json\/wp\/v2\/types\/page"}],"author":[{"embeddable":true,"href":"https:\/\/as-saddles-and-co.com\/index.php\/wp-json\/wp\/v2\/users\/1"}],"replies":[{"embeddable":true,"href":"https:\/\/as-saddles-and-co.com\/index.php\/wp-json\/wp\/v2\/comments?post=27"}],"version-history":[{"count":5,"href":"https:\/\/as-saddles-and-co.com\/index.php\/wp-json\/wp\/v2\/pages\/27\/revisions"}],"predecessor-version":[{"id":144,"href":"https:\/\/as-saddles-and-co.com\/index.php\/wp-json\/wp\/v2\/pages\/27\/revisions\/144"}],"wp:attachment":[{"href":"https:\/\/as-saddles-and-co.com\/index.php\/wp-json\/wp\/v2\/media?parent=27"}],"curies":[{"name":"wp","href":"https:\/\/api.w.org\/{rel}","templated":true}]}}