{"id":7,"date":"2024-02-13T21:04:19","date_gmt":"2024-02-13T20:04:19","guid":{"rendered":"http:\/\/as-saddles-and-co.com\/?page_id=7"},"modified":"2025-03-04T12:14:37","modified_gmt":"2025-03-04T11:14:37","slug":"saddle-fitting","status":"publish","type":"page","link":"https:\/\/as-saddles-and-co.com\/index.php\/saddle-fitting\/","title":{"rendered":"Saddle-Fitting"},"content":{"rendered":"\n<p>J&#8217;ai suivi la formation MSFC (<a href=\"https:\/\/msfc.nl\/en\/\">https:\/\/msfc.nl\/en\/<\/a>) afin de me former au mieux pour vous accompagner vous et votre cheval dans le choix de votre selle.<\/p>\n\n\n\n<div class=\"wp-block-columns is-layout-flex wp-container-core-columns-is-layout-9d6595d7 wp-block-columns-is-layout-flex\">\n<div class=\"wp-block-column has-nv-light-bg-background-color has-background is-layout-flow wp-block-column-is-layout-flow\" style=\"border-width:3px;padding-top:var(--wp--preset--spacing--30);padding-right:var(--wp--preset--spacing--30);padding-bottom:var(--wp--preset--spacing--30);padding-left:var(--wp--preset--spacing--30)\">\n<h3 class=\"wp-block-heading\">S\u00e9ance v\u00e9rification de selle<\/h3>\n\n\n\n<ul class=\"wp-block-list\">\n<li>V\u00e9rification de votre selle actuelle et de son adaptation au couple cheval-cavalier<\/li>\n<\/ul>\n\n\n\n<p>Tarifs :<\/p>\n\n\n\n<ul class=\"wp-block-list\">\n<li>S\u00e9ance 1 selle : 70\u20ac (65\u20ac \u00e0 partir de 2 chevaux dans la m\u00eame \u00e9curie)<\/li>\n\n\n\n<li>Selle suppl\u00e9mentaire +20\u20ac<\/li>\n\n\n\n<li>Contre-visite si achat d&#8217;une selle par notre interm\u00e9diaire dans les 3 mois 55\u20ac<\/li>\n\n\n\n<li>Tarifs possibles pour les clubs\/associations, me contacter.<\/li>\n<\/ul>\n<\/div>\n\n\n\n<div class=\"wp-block-column has-nv-light-bg-background-color has-background is-layout-flow wp-block-column-is-layout-flow\" style=\"border-width:3px;padding-top:var(--wp--preset--spacing--30);padding-right:var(--wp--preset--spacing--30);padding-bottom:var(--wp--preset--spacing--30);padding-left:var(--wp--preset--spacing--30)\">\n<h3 class=\"wp-block-heading\">S\u00e9ance essai de selle (indisponible actuellement)<\/h3>\n\n\n\n<ul class=\"wp-block-list\">\n<li>S\u00e9ance d&#8217;essai de selles disponibles dans notre stock<\/li>\n<\/ul>\n\n\n\n<p>Tarifs :<\/p>\n\n\n\n<ul class=\"wp-block-list\">\n<li>90\u20ac<\/li>\n\n\n\n<li>65\u20ac si suite (dans les 2 mois) \u00e0 une v\u00e9rification de selle<\/li>\n<\/ul>\n<\/div>\n\n\n\n<div class=\"wp-block-column has-nv-light-bg-background-color has-background is-layout-flow wp-block-column-is-layout-flow\" style=\"border-width:3px;padding-top:var(--wp--preset--spacing--30);padding-right:var(--wp--preset--spacing--30);padding-bottom:var(--wp--preset--spacing--30);padding-left:var(--wp--preset--spacing--30)\">\n<h3 class=\"wp-block-heading\">S\u00e9ance Duo (indisponible actuellement)<\/h3>\n\n\n\n<ul class=\"wp-block-list\">\n<li>Une version compl\u00e8te avec v\u00e9rification de votre selle actuelle et proposition d&#8217;essai de selles en stock<\/li>\n<\/ul>\n\n\n\n<p>Tarifs :<\/p>\n\n\n\n<ul class=\"wp-block-list\">\n<li>V\u00e9rification 1 selle + essai de selles 100\u20ac<\/li>\n\n\n\n<li>V\u00e9rification de selle suppl\u00e9mentaire +20\u20ac<\/li>\n<\/ul>\n<\/div>\n<\/div>\n\n\n\n<h2 class=\"wp-block-heading\">Frais de d\u00e9placements et tourn\u00e9es<\/h2>\n\n\n\n<p>Frais de d\u00e9placements offerts dans un rayon de 30km autour de Renage, ensuite compter 0.3\u20ac du kilom\u00e8tre suppl\u00e9mentaire (maximum 100km)<\/p>\n\n\n\n<p>Des tourn\u00e9es r\u00e9guli\u00e8res seront propos\u00e9es autour de Saint-Julien en Vercors(26420), Livron sur Dr\u00f4me(26250), Carqueiranne (83320), Aubigny-sur-N\u00e8re (18700) dans les m\u00eames conditions qu&#8217;au d\u00e9part de Renage. Pour d&#8217;autres lieux de tourn\u00e9es me contacter.<\/p>\n\n\n\n<h1 class=\"wp-block-heading\">R\u00e9paration en entretien de vos selles<\/h1>\n\n\n\n<p>Je vous offre plusieurs services pour l&#8217;entretien et la r\u00e9paration de vos selles :<\/p>\n\n\n\n<ul class=\"wp-block-list\">\n<li>R\u00e9\u00e9quilibrage de panneaux floqu\u00e9s laine, fait sur place 50\u20ac (recommand\u00e9 tous les 6 \u00e0 8 mois)<\/li>\n\n\n\n<li>Reflocage complet d&#8217;une selle en panneau laine, <strong>en atelier<\/strong> 200\u20ac (recommand\u00e9 tous les 18mois \u00e0 3 ans suivant l&#8217;utilisation de la selle)<\/li>\n\n\n\n<li>Changement d&#8217;un contre-sanglon <strong>en atelier<\/strong> 25\u20ac (sanglons courts), 30\u20ac (sanglons longs)<\/li>\n\n\n\n<li>V\u00e9rification compl\u00e8te et nettoyage de la selle <strong>en atelier<\/strong> 100\u20ac<\/li>\n\n\n\n<li>Petites coutures\/r\u00e9parations, sur devis<\/li>\n<\/ul>\n\n\n\n<p>Pour toute autre demande, n&#8217;h\u00e9sitez pas \u00e0 me consulter.<\/p>\n","protected":false},"excerpt":{"rendered":"<p>J&#8217;ai suivi la formation MSFC (https:\/\/msfc.nl\/en\/) afin de me former au mieux pour vous accompagner vous et votre cheval dans le choix de votre selle. S\u00e9ance v\u00e9rification de selle Tarifs : S\u00e9ance essai de selle (indisponible actuellement) Tarifs : S\u00e9ance Duo (indisponible actuellement) Tarifs : Frais de d\u00e9placements et tourn\u00e9es Frais de d\u00e9placements offerts dans&hellip;&nbsp;<a href=\"https:\/\/as-saddles-and-co.com\/index.php\/saddle-fitting\/\" rel=\"bookmark\">Read More &raquo;<span class=\"screen-reader-text\">Saddle-Fitting<\/span><\/a><\/p>\n","protected":false},"author":1,"featured_media":0,"parent":0,"menu_order":0,"comment_status":"closed","ping_status":"closed","template":"","meta":{"neve_meta_sidebar":"","neve_meta_container":"","neve_meta_enable_content_width":"","neve_meta_content_width":0,"neve_meta_title_alignment":"","neve_meta_author_avatar":"","neve_post_elements_order":"","neve_meta_disable_header":"","neve_meta_disable_footer":"","neve_meta_disable_title":"","footnotes":""},"class_list":["post-7","page","type-page","status-publish","hentry"],"_links":{"self":[{"href":"https:\/\/as-saddles-and-co.com\/index.php\/wp-json\/wp\/v2\/pages\/7","targetHints":{"allow":["GET"]}}],"collection":[{"href":"https:\/\/as-saddles-and-co.com\/index.php\/wp-json\/wp\/v2\/pages"}],"about":[{"href":"https:\/\/as-saddles-and-co.com\/index.php\/wp-json\/wp\/v2\/types\/page"}],"author":[{"embeddable":true,"href":"https:\/\/as-saddles-and-co.com\/index.php\/wp-json\/wp\/v2\/users\/1"}],"replies":[{"embeddable":true,"href":"https:\/\/as-saddles-and-co.com\/index.php\/wp-json\/wp\/v2\/comments?post=7"}],"version-history":[{"count":13,"href":"https:\/\/as-saddles-and-co.com\/index.php\/wp-json\/wp\/v2\/pages\/7\/revisions"}],"predecessor-version":[{"id":155,"href":"https:\/\/as-saddles-and-co.com\/index.php\/wp-json\/wp\/v2\/pages\/7\/revisions\/155"}],"wp:attachment":[{"href":"https:\/\/as-saddles-and-co.com\/index.php\/wp-json\/wp\/v2\/media?parent=7"}],"curies":[{"name":"wp","href":"https:\/\/api.w.org\/{rel}","templated":true}]}}